{"id":4329,"date":"2013-12-09T15:50:54","date_gmt":"2013-12-09T20:50:54","guid":{"rendered":"http:\/\/www.jnaceros.com.pe\/blog\/?page_id=133"},"modified":"2013-12-09T15:50:54","modified_gmt":"2013-12-09T20:50:54","slug":"otros-tipos-acero-inoxidable-usos","status":"publish","type":"page","link":"https:\/\/jnaceros.com.pe\/blog\/acero-inoxidable-introduccion\/otros-tipos-acero-inoxidable-usos\/","title":{"rendered":"Otros Tipos de Acero Inoxidable y sus Usos"},"content":{"rendered":"<h2>ACEROS MARTENS\u00cdTICOS<\/h2>\n<p><strong>420:<\/strong> 0.35%C y 12%Cr. De alta dureza y resistencia al desgaste.Es utilizado en cuchilleria, discos de freno, equipos quirurguicos, odontologicos y tuberias.<\/p>\n<p><strong>410:<\/strong> 0.15%C y 12.5Cr. Presente buena resistencia a la corrosion atmosferica (por el menor contenido de C) aonque pierde dureza con respecto al 420.Se le utiliza para refinamiento de petroleo, valvulas, componentes de bombas y cuchilleria.<\/p>\n<p><strong>420F:<\/strong> Al aumentar el contenido de azufre se obtiene un 420 con mejor maquinabilidad.<\/p>\n<p><strong>440:<\/strong> Al adicionar mas carbono para una mayor dureza as\u00ed como Cromo y Molibdeno para una mayor resistencia a la corrosi\u00f3n, se le utiliza en cuchillos de corte profesional.<\/p>\n<h2>ACEROS FERR\u00cdTICOS<\/h2>\n<p><strong>430:<\/strong> 0.1% C y 16- 17.5% Cr. el mayor contenido de Cromo mejora la resistencia a la corrosi\u00f3n en diversos medios sacrificando atras propiedades como la resistencia al impacto . se utiliza para cubiertos,vajilla,cocinas,monedas,mostradores, etc. uno de los mayores problemas que ofrece es la p\u00e9rdida de ductibilidad en las regiones soldadas a las que son fr\u00e1giles y pocos resistentes a la corrosi\u00f3n .<\/p>\n<p><strong>409, 430 Ti, 430 Nb :<\/strong> Contienen adiciones de titanio y\/o niobio que son estabilizadores de carbono se utilizan en silenciadores y escapes de automoviles.<\/p>\n<p><strong>405:<\/strong> Contiene aluminio entre 0.1 y 0.3 % siendo muy utilizado en la fabricaci\u00f3n de estructuras que no podr\u00e1n ser reconocidas luego del soldado.<\/p>\n<p><strong>430F:<\/strong> Para mejorar la maquinabilidad se agrega azufre.<\/p>\n<p><strong>434:<\/strong> Con molibdeno para una mayor resistencia a la corrosi\u00f3n .<\/p>\n<p><strong>446:<\/strong> Con mayor contenido de cromo da mayor resistencia a la corrosi\u00f3n.<\/p>\n<h2>ACEROS AUSTEN\u00cdTICOS :<\/h2>\n<p><strong>304:<\/strong> Es el mas popular con 18% de Cr y de 8% Ni con un m\u00e1ximo de 0.08% de Carbono se utiliza en industrias quimicas , farmaceuticas de alcohol, aeron\u00e1utica,naval,arquitectura,alimenticia y transporte.<br \/>\nAs\u00ed mismo, en cubiertos, vasijas,filtros ,ascensores, etc. En medios que contienen cloruro se pueden presentar corrosion por picadura . Es recomendado trabajar en temperaturas inferiores a 925\u00b0C.<\/p>\n<p><strong>316 y 317:<\/strong> Con presencia de molibdeno 2a 2.5 % capa pasivante . Se Utilizan en industrias qu\u00edmicas,de alcohol , petroqu\u00edmicas , de papel y celulosas, textil y farmac\u00e9utica.<\/p>\n<p><strong>304L, 316L,317L:<\/strong> Con contenidos de C interior 0.03% se reduce la posibilidad de sensibilizaci\u00f3n por precipitaci\u00f3n de Carburo de cromo con la consecuente corrosi\u00f3n intergranular.<\/p>\n<p><strong>321,347 y 316Ti a:<\/strong> Son estabilizados por su contenido de Titanio &#8211; Niobio. Versi\u00f3n estabilizada del 316 para equipos que operan entre 400 y 900 \u00b0C son incluso mejores que los tipos L ya que a estas temperaturas conservan mejor sus propiedades mec\u00e1nicas .<\/p>\n<p><strong>904L:<\/strong> 20% Cr , 25% Ni, 4.5 Mo, 1.5% Cr.<br \/>\nTiene resistencia al picado y a la corrosi\u00f3n en medios \u00e1cidos reductores.El elevado<br \/>\ntenor del niquel mejora el comportamiento frente a la corrosion bajo tension .<\/p>\n<p><strong>304H:<\/strong> Con altos tenores de carbono de 0.04 a 0.10 % (H=high) son utilizados cuando se pretende una buena resistencia mecanica y no existe por la corrosion intergranular.<\/p>\n<p><strong>310:<\/strong> 24 -26% Cr y 19 &#8211; 22% Ni es Un <strong>ACERO REFRACTARIO<\/strong> ya que resiste temperaturas<br \/>\nde hasta 1,115 \u00b0C.<\/p>\n<p><strong>305:<\/strong> Con mayor contenido de Niquel presenta excelente ductibilidad ideal para estampados<br \/>\nextra profundo.<\/p>\n<p><strong>301:<\/strong> Con ligeras reducciones en el contenido de niquel se logra excelentes propiedades para aplicaciones estructurales . Se utiliza en industrias ferroviarias y de carrocerias de omnibus.<\/p>\n<p><strong>303:<\/strong> Al aumentar el contenido de azufre en el 304 se maquinabilidad a pesar de comprometer a la ductibilidad y la resistencia a la corrosi\u00f3n .<\/p>\n<p><strong>200:<\/strong> Al sustituir parcialmente el N\u00edquel con Manganeso se obtienen aceros para aplicaciones estructurales presentando baja resistencia a la corrosi\u00f3n ya que su contenido de N\u00edquel es de 2.5% M\u00e1ximo.<\/p>\n<p>Su resistencia a la corrosion es inferior que cualquier inoxidable de la serie 300.<\/p>\n","protected":false},"excerpt":{"rendered":"<p>ACEROS MARTENS\u00cdTICOS 420: 0.35%C y 12%Cr. De alta dureza y resistencia al desgaste.Es utilizado en cuchilleria, discos de freno, equipos quirurguicos, odontologicos y tuberias. 410: 0.15%C y 12.5Cr. Presente buena resistencia a la corrosion atmosferica (por el menor contenido de C) aonque pierde dureza con respecto al 420.Se le utiliza para refinamiento de petroleo, valvulas, [&hellip;]<\/p>\n","protected":false},"author":4,"featured_media":0,"parent":4289,"menu_order":17,"comment_status":"open","ping_status":"closed","template":"","meta":{"footnotes":""},"class_list":["post-4329","page","type-page","status-publish","hentry"],"_links":{"self":[{"href":"https:\/\/jnaceros.com.pe\/blog\/wp-json\/wp\/v2\/pages\/4329","targetHints":{"allow":["GET"]}}],"collection":[{"href":"https:\/\/jnaceros.com.pe\/blog\/wp-json\/wp\/v2\/pages"}],"about":[{"href":"https:\/\/jnaceros.com.pe\/blog\/wp-json\/wp\/v2\/types\/page"}],"author":[{"embeddable":true,"href":"https:\/\/jnaceros.com.pe\/blog\/wp-json\/wp\/v2\/users\/4"}],"replies":[{"embeddable":true,"href":"https:\/\/jnaceros.com.pe\/blog\/wp-json\/wp\/v2\/comments?post=4329"}],"version-history":[{"count":0,"href":"https:\/\/jnaceros.com.pe\/blog\/wp-json\/wp\/v2\/pages\/4329\/revisions"}],"up":[{"embeddable":true,"href":"https:\/\/jnaceros.com.pe\/blog\/wp-json\/wp\/v2\/pages\/4289"}],"wp:attachment":[{"href":"https:\/\/jnaceros.com.pe\/blog\/wp-json\/wp\/v2\/media?parent=4329"}],"curies":[{"name":"wp","href":"https:\/\/api.w.org\/{rel}","templated":true}]}}