{"id":4310,"date":"2013-11-05T12:43:18","date_gmt":"2013-11-05T17:43:18","guid":{"rendered":"http:\/\/www.jnaceros.com.pe\/blog\/?page_id=92"},"modified":"2013-11-05T12:43:18","modified_gmt":"2013-11-05T17:43:18","slug":"acero-inoxidable-transporte","status":"publish","type":"page","link":"https:\/\/jnaceros.com.pe\/blog\/acero-inoxidable-introduccion\/acero-inoxidable-transporte\/","title":{"rendered":"El Acero Inoxidable en el transporte"},"content":{"rendered":"<p>Aire, mar, tierra&#8230;el espacio. Donde el hombre avanza el acero inoxidable siempre esta presente.<\/p>\n<p>La utilizaci\u00f3n del acero inoxidable en el transporte en general se entiende no s\u00f3lo como empleo de material resistente a la corrosi\u00f3n y por ello inalterable en el tiempo, sino tambi\u00e9n como materiales estructurales que permiten aligerar las estructuras portantes.<\/p>\n<p>En el caso del transporte de alimentos, a las caracter\u00edsticas ya citadas se une tambi\u00e9n la higiene.<\/p>\n<h2>a) Transporte por Ferrocarril<\/h2>\n<p>Debido al gran crecimiento experimentado en las necesidades del transporte<br \/>\np\u00fablico (\u00e1reas urbanas y suburbanas) y de mercanc\u00edas, cada vez son mayores las exigencias en la construcci\u00f3n de coches y vagones tales como:<\/p>\n<ul>\n<li>Disminuci\u00f3n en los costos de funcionamiento y en los costos de consumo energ\u00e9tico.<\/li>\n<li>Esto explica un aligeramiento de la carrocer\u00eda y el equipamiento de los vagones.<\/li>\n<li>Mejora en los niveles de seguridad contra incendios y en caso de choque.<\/li>\n<li>Estilizaci\u00f3n en el dise\u00f1o y mejora en el nivel de confort.<\/li>\n<\/ul>\n<p>En la renovaci\u00f3n del parque m\u00f3vil ferroviario mundial el acero inoxidable ha jugado un rol importante, y hoy en dia es utilizado con mayor frecuencia en la construcci\u00f3n de todo tipo de coches y vagones.<br \/>\nLos beneficios en cuanto a resistencia son:<\/p>\n<p><strong>Resistencia a la Corrosi\u00f3n<\/strong>.- La principal ventaja del acero inoxidable es que evita hacer reparaciones debido a problemas de corrosi\u00f3n en todo el parque m\u00f3vil. Una segunda ventaja es que no es necesario ninguna pintura exterior, si se desea pintar parcialmente por razones est\u00e9ticas puede realizarse seleccionando un acabado adecuado del acero inoxidable.<\/p>\n<p><strong>Resistencia Mec\u00e1nica<\/strong>.-En general se puede decir que la resistencia mec\u00e1nica del acero inoxidable es superior a la del acero del Carbono.Facilita el dise\u00f1o en las carrocer\u00edas ligeras de vagones. En el caso de incendio de acero inoxidable conserva buenas propiedades a altas temperaturas. La capacidad de absorber energ\u00eda es dos veces y media mayor en el acero inoxidable que el acero com\u00fan. Esta propiedad es fundamental en los vagones en caso de colisi\u00f3n.<\/p>\n<p>Las ventajas del acero inoxidable en la construcci\u00f3n de vagones son: aligera el peso, costo total de las vida del producto y seguridad.<\/p>\n<h2>b) Transporte por carretera<\/h2>\n<p>Hoy en d\u00eda las grandes empresas automotrices de pa\u00edses como USA, JAP\u00d3N y los pa\u00edses de la U.E, han comenzado a utilizar el acero inoxidable no solo en piezas ornamentales sino tambi\u00e9n en la fabricaci\u00f3n de piezas y partes de veh\u00edculos.<\/p>\n<p><strong>AUTOM\u00d3VILES<\/strong>.- Los autom\u00f3viles utilizan diversas piezas realizadas con acero inoxidable, las aplicaciones son:<\/p>\n<ul>\n<li>Embellecedor, es una de las aplicaciones de mayor consumo del acero ya que el acero proporciona adem\u00e1s de brillo y resistencia a la corrosi\u00f3n, una buena conformabilidad.<\/li>\n<li>Silenciador, este componente era tradicionalmente elaborado en chapa de acero aluminizado, pero por problemas de corrosi\u00f3n ha sido sustituido por el acero inoxidable.<\/li>\n<li>Tubo Flexible, tanto la parte exterior como la parte interior est\u00e1n cubiertos de una malla de acero inoxidable. El tipo de acero inoxidable es AISI 409L y AISI 410L.<\/li>\n<\/ul>\n<p><strong>CAMIONES<\/strong>.- El el motivo de su utilizaci\u00f3n es aprovechar propiedades mec\u00e1nicas (resistencia y dureza) y su elevada resistencia a la corrosi\u00f3n, propiedades que no pueden obtener con los materiales tradicionales.<\/p>\n<p><strong>AUTOCISTERNAS Y AUTOFURGONES<\/strong>.- Los camiones cisternas de acero inoxidable se emplean para el transporte de l\u00edquidos, alimentos (leche, vino, aceite, jugo de fruta) o bien de l\u00edquidos corrosivos , o de gases licuados a bajas temperaturas, o de productos en polvo. Una ventaja que ofrece el acero inoxidable, es que el transporte puede ser polivalente dada la facilidad de limpieza despu\u00e9s de cada transporte y la absoluta seguridad de que no deja residuos.<\/p>\n<p><strong>CONTENEDORES<\/strong>.- Los contenedores para materiales l\u00edquidos y secos deben resultar muy resistentes, no estar sometidos a roturas, ni a deterioros por la acci\u00f3n del choque, pero a la vez deben ser ligeros y resistir a la corrosi\u00f3n en ambientes m\u00e1s o menos agresivos.<\/p>\n<h2>c) Transporte Mar\u00edtimo<\/h2>\n<p>En el transporte mar\u00edtimo, las propiedades esenciales de acero inoxidable juegan un papel importante en cuanto a resistencia a la corrosi\u00f3n, mayor resistencia mec\u00e1nica y seguridad en caso de incendio.<\/p>\n<p>En este tipo de transporte podemos distinguir las siguientes modalidades:<\/p>\n<p><strong>TRANSPORTE DE PASAJEROS<\/strong>.-En el equipamiento externo de barcos de pasajeros, se utiliza habitualmente el AISI 316, ya que el material est\u00e1 expuesto a la atm\u00f3sfera marina, y a veces en contacto con el agua del mar. Sin embargo en el equipamiento interno de las naves, especialmente las cocinas se emplea el AISI 304.<\/p>\n<p><strong>TRANSPORTE DE CARGA<\/strong>.- Los barcos cisternas para productos qu\u00edmicos y alimenticios se realizan con AISI 316L, sin embargo para productos muy corrosivos se utiliza AISI 317L.<\/p>\n<p><strong>BARCOS DE PESCA<\/strong>.-Los equipos, tales como cintas transportadoras, m\u00e1quinas de clasificaci\u00f3n, equipos de cocci\u00f3n, dep\u00f3sitos frigor\u00edficos, dep\u00f3sitos de almacenamiento, congeladores e instalaciones de empaquetado para barcos de pesca, son elaborados de acero inoxidable, esto proporciona una buena higiene en la elaboraci\u00f3n de la pesca, adem\u00e1s de un excelente mantenimiento, debido a la resistencia a la corrosi\u00f3n.<\/p>\n<h2>d) N\u00e1utica<\/h2>\n<p>Los criterios de seguridad, calidad y seguridad, exigidos por los practicantes de n\u00e1utica, unidas a las caracter\u00edsticas tanto f\u00edsicas como mec\u00e1nicas del acero inoxidable, han hecho que este material cada d\u00eda este m\u00e1s presente en la relaci\u00f3n hombre mar.<\/p>\n<p>El uso del acero inoxidable va desde accesorios funcionales y de embellecimiento al casco propiamente dicho.<\/p>\n","protected":false},"excerpt":{"rendered":"<p>Aire, mar, tierra&#8230;el espacio. Donde el hombre avanza el acero inoxidable siempre esta presente. La utilizaci\u00f3n del acero inoxidable en el transporte en general se entiende no s\u00f3lo como empleo de material resistente a la corrosi\u00f3n y por ello inalterable en el tiempo, sino tambi\u00e9n como materiales estructurales que permiten aligerar las estructuras portantes. En [&hellip;]<\/p>\n","protected":false},"author":4,"featured_media":0,"parent":4289,"menu_order":11,"comment_status":"open","ping_status":"closed","template":"","meta":{"footnotes":""},"class_list":["post-4310","page","type-page","status-publish","hentry"],"_links":{"self":[{"href":"https:\/\/jnaceros.com.pe\/blog\/wp-json\/wp\/v2\/pages\/4310","targetHints":{"allow":["GET"]}}],"collection":[{"href":"https:\/\/jnaceros.com.pe\/blog\/wp-json\/wp\/v2\/pages"}],"about":[{"href":"https:\/\/jnaceros.com.pe\/blog\/wp-json\/wp\/v2\/types\/page"}],"author":[{"embeddable":true,"href":"https:\/\/jnaceros.com.pe\/blog\/wp-json\/wp\/v2\/users\/4"}],"replies":[{"embeddable":true,"href":"https:\/\/jnaceros.com.pe\/blog\/wp-json\/wp\/v2\/comments?post=4310"}],"version-history":[{"count":0,"href":"https:\/\/jnaceros.com.pe\/blog\/wp-json\/wp\/v2\/pages\/4310\/revisions"}],"up":[{"embeddable":true,"href":"https:\/\/jnaceros.com.pe\/blog\/wp-json\/wp\/v2\/pages\/4289"}],"wp:attachment":[{"href":"https:\/\/jnaceros.com.pe\/blog\/wp-json\/wp\/v2\/media?parent=4310"}],"curies":[{"name":"wp","href":"https:\/\/api.w.org\/{rel}","templated":true}]}}