{"id":4287,"date":"2014-01-22T21:30:19","date_gmt":"2014-01-23T02:30:19","guid":{"rendered":"http:\/\/www.jnaceros.com.pe\/blog\/?page_id=273"},"modified":"2014-01-22T21:30:19","modified_gmt":"2014-01-23T02:30:19","slug":"union-americana-npt-sw","status":"publish","type":"page","link":"https:\/\/jnaceros.com.pe\/blog\/accesorios-acero-inoxidable\/union-americana-npt-sw\/","title":{"rendered":"Uni\u00f3n Americana NPT\/S.W."},"content":{"rendered":"<p>Es una pieza que no tiene comparaci\u00f3n dentro de las l\u00edneas de accesorio. Su singular sistema de montaje permite realizar mantenimientos y reparaciones peri\u00f3dicas en las l\u00edneas de tuber\u00eda, ya que si estas han sido soldadas o roscadas a la tuber\u00eda, siempre existir\u00e1 la tuerca central que nos permitir\u00e1 separarla por completo.<\/p>\n<p>Trabajan en presiones que van desde las 3,000 lb y sus di\u00e1metros desde \u00bc\u201d hasta 2\u201d.<\/p>\n<p><a href=\"https:\/\/jnaceros.com.pe\/blog\/wp-content\/uploads\/union-acero-inoxidable-americana-npt-sw-2.png\"><img loading=\"lazy\" decoding=\"async\" class=\"alignnone size-full wp-image-274\" src=\"https:\/\/jnaceros.com.pe\/blog\/wp-content\/uploads\/union-acero-inoxidable-americana-npt-sw-2.png\" alt=\"union americana de acero inoxidable, npt sw\" width=\"972\" height=\"372\" \/><\/a><\/p>\n","protected":false},"excerpt":{"rendered":"<p>Es una pieza que no tiene comparaci\u00f3n dentro de las l\u00edneas de accesorio. Su singular sistema de montaje permite realizar mantenimientos y reparaciones peri\u00f3dicas en las l\u00edneas de tuber\u00eda, ya que si estas han sido soldadas o roscadas a la tuber\u00eda, siempre existir\u00e1 la tuerca central que nos permitir\u00e1 separarla por completo. Trabajan en presiones [&hellip;]<\/p>\n","protected":false},"author":4,"featured_media":0,"parent":4254,"menu_order":8,"comment_status":"open","ping_status":"closed","template":"","meta":{"footnotes":""},"class_list":["post-4287","page","type-page","status-publish","hentry"],"_links":{"self":[{"href":"https:\/\/jnaceros.com.pe\/blog\/wp-json\/wp\/v2\/pages\/4287","targetHints":{"allow":["GET"]}}],"collection":[{"href":"https:\/\/jnaceros.com.pe\/blog\/wp-json\/wp\/v2\/pages"}],"about":[{"href":"https:\/\/jnaceros.com.pe\/blog\/wp-json\/wp\/v2\/types\/page"}],"author":[{"embeddable":true,"href":"https:\/\/jnaceros.com.pe\/blog\/wp-json\/wp\/v2\/users\/4"}],"replies":[{"embeddable":true,"href":"https:\/\/jnaceros.com.pe\/blog\/wp-json\/wp\/v2\/comments?post=4287"}],"version-history":[{"count":0,"href":"https:\/\/jnaceros.com.pe\/blog\/wp-json\/wp\/v2\/pages\/4287\/revisions"}],"up":[{"embeddable":true,"href":"https:\/\/jnaceros.com.pe\/blog\/wp-json\/wp\/v2\/pages\/4254"}],"wp:attachment":[{"href":"https:\/\/jnaceros.com.pe\/blog\/wp-json\/wp\/v2\/media?parent=4287"}],"curies":[{"name":"wp","href":"https:\/\/api.w.org\/{rel}","templated":true}]}}