{"id":4280,"date":"2014-01-22T21:18:26","date_gmt":"2014-01-23T02:18:26","guid":{"rendered":"http:\/\/www.jnaceros.com.pe\/blog\/?page_id=224"},"modified":"2014-01-22T21:18:26","modified_gmt":"2014-01-23T02:18:26","slug":"terminales-stub-ends","status":"publish","type":"page","link":"https:\/\/jnaceros.com.pe\/blog\/accesorios-acero-inoxidable\/terminales-stub-ends\/","title":{"rendered":"Terminales (Stub-Ends)"},"content":{"rendered":"<p>Son piezas que se utilizan a continuaci\u00f3n de las tuber\u00edas y que mayormente trabajan en conjunto con bridas de respaldo Lap joint (tipo A)<\/p>\n<p>Existen 3 tipos de Stub-Ends:<\/p>\n<ul>\n<li>Tipo A, trabaja en conjunto con Bridas Lap joint.<\/li>\n<li>Tipo B, trabaja en conjunto con bridas Slip on.<\/li>\n<li>Tipo C, trabaja en conjunto con bridas de respaldo.<\/li>\n<\/ul>\n<p>Estos terminales simplifican enormemente el montaje en bridas en l\u00edneas de tuber\u00edas ya que estos, al estar sueltos, pueden calzar f\u00e1cilmente los c\u00edrculos de pernos sin necesidad de mover toda la instalaci\u00f3n.<\/p>\n<p><a href=\"https:\/\/jnaceros.com.pe\/blog\/wp-content\/uploads\/terminales-acero-inoxidable-2.png\"><img loading=\"lazy\" decoding=\"async\" class=\"alignnone wp-image-260 size-full\" title=\"Terminales de Acero Inoxidable\" src=\"https:\/\/jnaceros.com.pe\/blog\/wp-content\/uploads\/terminales-acero-inoxidable-2.png\" alt=\"terminales de acero inoxidable\" width=\"786\" height=\"314\" \/><\/a><\/p>\n<p><a href=\"https:\/\/jnaceros.com.pe\/blog\/wp-content\/uploads\/tabla-dimensiones-terminales-acero-stub-ends-2.png\"><img loading=\"lazy\" decoding=\"async\" class=\"alignnone wp-image-263 size-full\" title=\"Terminales Stub Ends | Tabla de Dimensiones\" src=\"https:\/\/jnaceros.com.pe\/blog\/wp-content\/uploads\/tabla-dimensiones-terminales-acero-stub-ends-2.png\" alt=\"tabla de dimensiones de terminales de acero inoxidable\" width=\"1298\" height=\"850\" \/><\/a><\/p>\n","protected":false},"excerpt":{"rendered":"<p>Son piezas que se utilizan a continuaci\u00f3n de las tuber\u00edas y que mayormente trabajan en conjunto con bridas de respaldo Lap joint (tipo A) Existen 3 tipos de Stub-Ends: Tipo A, trabaja en conjunto con Bridas Lap joint. Tipo B, trabaja en conjunto con bridas Slip on. Tipo C, trabaja en conjunto con bridas de [&hellip;]<\/p>\n","protected":false},"author":4,"featured_media":0,"parent":4254,"menu_order":6,"comment_status":"open","ping_status":"closed","template":"","meta":{"footnotes":""},"class_list":["post-4280","page","type-page","status-publish","hentry"],"_links":{"self":[{"href":"https:\/\/jnaceros.com.pe\/blog\/wp-json\/wp\/v2\/pages\/4280","targetHints":{"allow":["GET"]}}],"collection":[{"href":"https:\/\/jnaceros.com.pe\/blog\/wp-json\/wp\/v2\/pages"}],"about":[{"href":"https:\/\/jnaceros.com.pe\/blog\/wp-json\/wp\/v2\/types\/page"}],"author":[{"embeddable":true,"href":"https:\/\/jnaceros.com.pe\/blog\/wp-json\/wp\/v2\/users\/4"}],"replies":[{"embeddable":true,"href":"https:\/\/jnaceros.com.pe\/blog\/wp-json\/wp\/v2\/comments?post=4280"}],"version-history":[{"count":0,"href":"https:\/\/jnaceros.com.pe\/blog\/wp-json\/wp\/v2\/pages\/4280\/revisions"}],"up":[{"embeddable":true,"href":"https:\/\/jnaceros.com.pe\/blog\/wp-json\/wp\/v2\/pages\/4254"}],"wp:attachment":[{"href":"https:\/\/jnaceros.com.pe\/blog\/wp-json\/wp\/v2\/media?parent=4280"}],"curies":[{"name":"wp","href":"https:\/\/api.w.org\/{rel}","templated":true}]}}