{"id":4267,"date":"2014-01-22T21:09:55","date_gmt":"2014-01-23T02:09:55","guid":{"rendered":"http:\/\/www.jnaceros.com.pe\/blog\/?page_id=218"},"modified":"2014-01-22T21:09:55","modified_gmt":"2014-01-23T02:09:55","slug":"tapones","status":"publish","type":"page","link":"https:\/\/jnaceros.com.pe\/blog\/accesorios-acero-inoxidable\/tapones\/","title":{"rendered":"Tapones"},"content":{"rendered":"<h2>4.1.- Tapones con costura<\/h2>\n<p>Tienen como finalidad poner fin temporal o definitivo a una l\u00ednea de tuber\u00eda. Su forma elipsoidal permite sellar de forma segura esta l\u00ednea, ya que los fluidos que por ella transitan no encuentran fuerte oposici\u00f3n al llegar a la pieza.<\/p>\n<p><a href=\"https:\/\/jnaceros.com.pe\/blog\/wp-content\/uploads\/tapones-acero-con-costura-2.png\"><img loading=\"lazy\" decoding=\"async\" class=\"alignnone size-full wp-image-247\" src=\"https:\/\/jnaceros.com.pe\/blog\/wp-content\/uploads\/tapones-acero-con-costura-2.png\" alt=\"tapones de acero con costura\" width=\"790\" height=\"298\" \/><\/a><\/p>\n<h2>4.2.- Tapones NPT\/S.W.<\/h2>\n<p>Son tapas que se utilizan en el cierre de una l\u00ednea ya sea \u00e9ste temporal o permanente, puede ir roscado o soldado de encaje y el di\u00e1metro normal de trabajo es entre \u00bc\u201d y 2\u201d.<\/p>\n<p><a href=\"https:\/\/jnaceros.com.pe\/blog\/wp-content\/uploads\/tapones-npt-2.png\"><img loading=\"lazy\" decoding=\"async\" class=\"alignnone size-full wp-image-249\" src=\"https:\/\/jnaceros.com.pe\/blog\/wp-content\/uploads\/tapones-npt-2.png\" alt=\"tapones de acero npt\" width=\"1082\" height=\"430\" \/><\/a><\/p>\n<p>&nbsp;<\/p>\n<p><a href=\"https:\/\/jnaceros.com.pe\/blog\/wp-content\/uploads\/tapones-reducciones-tees-acero-2.png\"><img loading=\"lazy\" decoding=\"async\" class=\"alignnone size-full wp-image-250\" src=\"https:\/\/jnaceros.com.pe\/blog\/wp-content\/uploads\/tapones-reducciones-tees-acero-2.png\" alt=\"tabla tapones, reducciones y tees de acero - dimensiones\" width=\"1326\" height=\"994\" \/><\/a><\/p>\n","protected":false},"excerpt":{"rendered":"<p>4.1.- Tapones con costura Tienen como finalidad poner fin temporal o definitivo a una l\u00ednea de tuber\u00eda. Su forma elipsoidal permite sellar de forma segura esta l\u00ednea, ya que los fluidos que por ella transitan no encuentran fuerte oposici\u00f3n al llegar a la pieza. 4.2.- Tapones NPT\/S.W. Son tapas que se utilizan en el cierre [&hellip;]<\/p>\n","protected":false},"author":4,"featured_media":0,"parent":4254,"menu_order":4,"comment_status":"open","ping_status":"closed","template":"","meta":{"footnotes":""},"class_list":["post-4267","page","type-page","status-publish","hentry"],"_links":{"self":[{"href":"https:\/\/jnaceros.com.pe\/blog\/wp-json\/wp\/v2\/pages\/4267","targetHints":{"allow":["GET"]}}],"collection":[{"href":"https:\/\/jnaceros.com.pe\/blog\/wp-json\/wp\/v2\/pages"}],"about":[{"href":"https:\/\/jnaceros.com.pe\/blog\/wp-json\/wp\/v2\/types\/page"}],"author":[{"embeddable":true,"href":"https:\/\/jnaceros.com.pe\/blog\/wp-json\/wp\/v2\/users\/4"}],"replies":[{"embeddable":true,"href":"https:\/\/jnaceros.com.pe\/blog\/wp-json\/wp\/v2\/comments?post=4267"}],"version-history":[{"count":0,"href":"https:\/\/jnaceros.com.pe\/blog\/wp-json\/wp\/v2\/pages\/4267\/revisions"}],"up":[{"embeddable":true,"href":"https:\/\/jnaceros.com.pe\/blog\/wp-json\/wp\/v2\/pages\/4254"}],"wp:attachment":[{"href":"https:\/\/jnaceros.com.pe\/blog\/wp-json\/wp\/v2\/media?parent=4267"}],"curies":[{"name":"wp","href":"https:\/\/api.w.org\/{rel}","templated":true}]}}