{"id":4264,"date":"2014-01-22T21:05:58","date_gmt":"2014-01-23T02:05:58","guid":{"rendered":"http:\/\/www.jnaceros.com.pe\/blog\/?page_id=216"},"modified":"2014-01-22T21:05:58","modified_gmt":"2014-01-23T02:05:58","slug":"reducciones","status":"publish","type":"page","link":"https:\/\/jnaceros.com.pe\/blog\/accesorios-acero-inoxidable\/reducciones\/","title":{"rendered":"Reducciones"},"content":{"rendered":"<p>Las reducciones se pueden vaciar, forjar o formar en caliente o fr\u00edo con trozos peque\u00f1os de tuber\u00edas. Las conexiones de los extremos pueden ser conc\u00e9ntricas o exc\u00e9ntricas, o sea tangentes al mismo plano en un punto, sobre su circunferencia.<\/p>\n<h2>3.1.-Reducciones concentricas con costura<\/h2>\n<p>Reducciones conc\u00e9ntricas son piezas que se pueden fabricar bajo normas A774 o A403, la finalidad de ellas es la de reducir el di\u00e1metro de la l\u00ednea en forma paulatina manteniendo el centro geom\u00e9trico de ella.<\/p>\n<p>Las dimensiones de los extremos de las reducciones deber\u00e1n coincidir con las tuber\u00edas que respectivamente les correspondan. Los di\u00e1metros exteriores e interiores, son distintos en ambos extremos de la reducci\u00f3n.<\/p>\n<p><a href=\"https:\/\/jnaceros.com.pe\/blog\/wp-content\/uploads\/reducciones-acero-concentricas-con-costura-2.png\"><img loading=\"lazy\" decoding=\"async\" class=\"alignnone size-full wp-image-243\" src=\"https:\/\/jnaceros.com.pe\/blog\/wp-content\/uploads\/reducciones-acero-concentricas-con-costura-2.png\" alt=\"reducciones de acero concentricas con costura\" width=\"574\" height=\"260\" \/><\/a><\/p>\n<h2>3.2.- Reducciones Exc\u00e9ntricas con Costura<\/h2>\n<p>Las reducciones exc\u00e9ntricas son similares en forma y finalidad a las conc\u00e9ntricas a excepci\u00f3n de que al reducir el di\u00e1metro de la l\u00ednea no respeta la concentricidad geom\u00e9trica de la tuber\u00eda, sino m\u00e1s bien, la l\u00ednea horizontal m\u00e1s baja de ella.<\/p>\n<p>El uso de una u otra depender\u00e1 de los trazos geom\u00e9tricos de la l\u00ednea del piping. Los soportes de tuber\u00eda que se consideren, del peso que deber\u00e1n soportar, los cimientos o bases que se determinen, etc.<\/p>\n<p><a href=\"https:\/\/jnaceros.com.pe\/blog\/wp-content\/uploads\/reducciones-acero-excentricas-con-costura-2.png\"><img loading=\"lazy\" decoding=\"async\" class=\"alignnone size-full wp-image-245\" src=\"https:\/\/jnaceros.com.pe\/blog\/wp-content\/uploads\/reducciones-acero-excentricas-con-costura-2.png\" alt=\"reducciones de acero excentricas con costura\" width=\"582\" height=\"236\" \/><\/a><\/p>\n","protected":false},"excerpt":{"rendered":"<p>Las reducciones se pueden vaciar, forjar o formar en caliente o fr\u00edo con trozos peque\u00f1os de tuber\u00edas. Las conexiones de los extremos pueden ser conc\u00e9ntricas o exc\u00e9ntricas, o sea tangentes al mismo plano en un punto, sobre su circunferencia. 3.1.-Reducciones concentricas con costura Reducciones conc\u00e9ntricas son piezas que se pueden fabricar bajo normas A774 o [&hellip;]<\/p>\n","protected":false},"author":4,"featured_media":0,"parent":4254,"menu_order":3,"comment_status":"open","ping_status":"closed","template":"","meta":{"footnotes":""},"class_list":["post-4264","page","type-page","status-publish","hentry"],"_links":{"self":[{"href":"https:\/\/jnaceros.com.pe\/blog\/wp-json\/wp\/v2\/pages\/4264","targetHints":{"allow":["GET"]}}],"collection":[{"href":"https:\/\/jnaceros.com.pe\/blog\/wp-json\/wp\/v2\/pages"}],"about":[{"href":"https:\/\/jnaceros.com.pe\/blog\/wp-json\/wp\/v2\/types\/page"}],"author":[{"embeddable":true,"href":"https:\/\/jnaceros.com.pe\/blog\/wp-json\/wp\/v2\/users\/4"}],"replies":[{"embeddable":true,"href":"https:\/\/jnaceros.com.pe\/blog\/wp-json\/wp\/v2\/comments?post=4264"}],"version-history":[{"count":0,"href":"https:\/\/jnaceros.com.pe\/blog\/wp-json\/wp\/v2\/pages\/4264\/revisions"}],"up":[{"embeddable":true,"href":"https:\/\/jnaceros.com.pe\/blog\/wp-json\/wp\/v2\/pages\/4254"}],"wp:attachment":[{"href":"https:\/\/jnaceros.com.pe\/blog\/wp-json\/wp\/v2\/media?parent=4264"}],"curies":[{"name":"wp","href":"https:\/\/api.w.org\/{rel}","templated":true}]}}